{"id":4241,"date":"2024-01-19T16:10:37","date_gmt":"2024-01-19T21:10:37","guid":{"rendered":"https:\/\/electroredescasanare.com\/?post_type=product&#038;p=4241"},"modified":"2024-01-19T16:11:31","modified_gmt":"2024-01-19T21:11:31","slug":"cargador-lenovo-20v-3-25a-5","status":"publish","type":"product","link":"https:\/\/electroredescasanare.com\/index.php\/product\/cargador-lenovo-20v-3-25a-5\/","title":{"rendered":"CARGADOR LENOVO 20V 3.25A"},"content":{"rendered":"<p>Cargador gen\u00e9rico Calidad Premium, garantizan el rendimiento y durabilidad que requiere un cargador de alta calidad. fabricado con un fusible que protege al equipo de sobre voltaje y cortocircuito. Sin duda es la mejor elecci\u00f3n Precio \u2013 beneficio.<\/p>\n","protected":false},"excerpt":{"rendered":"<p>CARACTERISTICAS:<br \/>\n&#8211; Voltaje de entrada: 120V<br \/>\n&#8211; Voltaje de salida: 20V<br \/>\n&#8211; Amperaje: 3.25A<br \/>\n&#8211; Di\u00e1metro del conector: USB YOGA<br \/>\n&#8211; Cable de poder tr\u00e9bol de 1.5 mts<br \/>\n&#8211; dos dise\u00f1os disponibles<br \/>\n&#8211; Empaque en caja, y bolsa de tela<\/p>\n<p>&#8211; marcas disponibles: JYR, Jaltech.<\/p>\n<p><b>im\u00e1genes<\/b><strong>\u00a0de referencia.<\/strong><\/p>\n","protected":false},"featured_media":4242,"template":"","meta":{"_uag_custom_page_level_css":"","_joinchat":[]},"product_cat":[55,56,62],"product_tag":[],"uagb_featured_image_src":{"full":["https:\/\/electroredescasanare.com\/wp-content\/uploads\/2024\/01\/D_NQ_NP_689132-MCO72789516797_112023-O.webp",443,500,false],"thumbnail":["https:\/\/electroredescasanare.com\/wp-content\/uploads\/2024\/01\/D_NQ_NP_689132-MCO72789516797_112023-O-150x150.webp",150,150,true],"medium":["https:\/\/electroredescasanare.com\/wp-content\/uploads\/2024\/01\/D_NQ_NP_689132-MCO72789516797_112023-O-266x300.webp",266,300,true],"medium_large":["https:\/\/electroredescasanare.com\/wp-content\/uploads\/2024\/01\/D_NQ_NP_689132-MCO72789516797_112023-O.webp",443,500,false],"large":["https:\/\/electroredescasanare.com\/wp-content\/uploads\/2024\/01\/D_NQ_NP_689132-MCO72789516797_112023-O.webp",443,500,false],"1536x1536":["https:\/\/electroredescasanare.com\/wp-content\/uploads\/2024\/01\/D_NQ_NP_689132-MCO72789516797_112023-O.webp",443,500,false],"2048x2048":["https:\/\/electroredescasanare.com\/wp-content\/uploads\/2024\/01\/D_NQ_NP_689132-MCO72789516797_112023-O.webp",443,500,false],"post-thumbnail":["https:\/\/electroredescasanare.com\/wp-content\/uploads\/2024\/01\/D_NQ_NP_689132-MCO72789516797_112023-O.webp",337,380,false],"vantage-thumbnail-no-sidebar":["https:\/\/electroredescasanare.com\/wp-content\/uploads\/2024\/01\/D_NQ_NP_689132-MCO72789516797_112023-O.webp",337,380,false],"vantage-slide":["https:\/\/electroredescasanare.com\/wp-content\/uploads\/2024\/01\/D_NQ_NP_689132-MCO72789516797_112023-O.webp",425,480,false],"vantage-carousel":["https:\/\/electroredescasanare.com\/wp-content\/uploads\/2024\/01\/D_NQ_NP_689132-MCO72789516797_112023-O.webp",161,182,false],"vantage-grid-loop":["https:\/\/electroredescasanare.com\/wp-content\/uploads\/2024\/01\/D_NQ_NP_689132-MCO72789516797_112023-O.webp",241,272,false],"mailpoet_newsletter_max":["https:\/\/electroredescasanare.com\/wp-content\/uploads\/2024\/01\/D_NQ_NP_689132-MCO72789516797_112023-O.webp",443,500,false],"woocommerce_thumbnail":["https:\/\/electroredescasanare.com\/wp-content\/uploads\/2024\/01\/D_NQ_NP_689132-MCO72789516797_112023-O-300x300.webp",300,300,true],"woocommerce_single":["https:\/\/electroredescasanare.com\/wp-content\/uploads\/2024\/01\/D_NQ_NP_689132-MCO72789516797_112023-O.webp",443,500,false],"woocommerce_gallery_thumbnail":["https:\/\/electroredescasanare.com\/wp-content\/uploads\/2024\/01\/D_NQ_NP_689132-MCO72789516797_112023-O-100x100.webp",100,100,true]},"uagb_author_info":{"display_name":"jhonacost@gmail.com","author_link":"https:\/\/electroredescasanare.com\/index.php\/author\/"},"uagb_comment_info":0,"uagb_excerpt":"CARACTERISTICAS: - Voltaje de entrada: 120V - Voltaje de salida: 20V - Amperaje: 3.25A - Di\u00e1metro del conector: USB YOGA - Cable de poder tr\u00e9bol de 1.5 mts - dos dise\u00f1os disponibles - Empaque en caja, y bolsa de tela - marcas disponibles: JYR, Jaltech. im\u00e1genes\u00a0de referencia.","_links":{"self":[{"href":"https:\/\/electroredescasanare.com\/index.php\/wp-json\/wp\/v3\/product\/4241"}],"collection":[{"href":"https:\/\/electroredescasanare.com\/index.php\/wp-json\/wp\/v3\/product"}],"about":[{"href":"https:\/\/electroredescasanare.com\/index.php\/wp-json\/wp\/v2\/types\/product"}],"wp:featuredmedia":[{"embeddable":true,"href":"https:\/\/electroredescasanare.com\/index.php\/wp-json\/wp\/v2\/media\/4242"}],"wp:attachment":[{"href":"https:\/\/electroredescasanare.com\/index.php\/wp-json\/wp\/v2\/media?parent=4241"}],"wp:term":[{"taxonomy":"product_cat","embeddable":true,"href":"https:\/\/electroredescasanare.com\/index.php\/wp-json\/wp\/v2\/product_cat?post=4241"},{"taxonomy":"product_tag","embeddable":true,"href":"https:\/\/electroredescasanare.com\/index.php\/wp-json\/wp\/v2\/product_tag?post=4241"}],"curies":[{"name":"wp","href":"https:\/\/api.w.org\/{rel}","templated":true}]}}