{"id":3967,"date":"2023-10-28T09:08:12","date_gmt":"2023-10-28T14:08:12","guid":{"rendered":"https:\/\/electroredescasanare.com\/?post_type=product&#038;p=3967"},"modified":"2024-01-13T09:15:30","modified_gmt":"2024-01-13T14:15:30","slug":"disco-duro-portatil-de-segunda","status":"publish","type":"product","link":"https:\/\/electroredescasanare.com\/index.php\/product\/disco-duro-portatil-de-segunda\/","title":{"rendered":"DISCO DURO PORTATIL DE SEGUNDA"},"content":{"rendered":"<p>Los disco duros para portatil, cuentan con excelente capacidad de almacenamiento, para que puedas guardar grandes cantidades de datos e informaci\u00f3n, sin afectar el rendimiento y la confiabilidad que estos le ofrecen, salvaguardando copias de seguridad de los datos que necesitas para trabajar.<\/p>\n","protected":false},"excerpt":{"rendered":"<p>CARACTERISTICAS:<\/p>\n<p>&#8211; Capacidad:120GB, 160GB, 320GB, 500GB, 1 TB<br \/>\n&#8211; Interfaces: SATA III<br \/>\n&#8211; Velocidad de rotaci\u00f3n: 5400 rpm<br \/>\n&#8211; Tecnolog\u00eda de almacenamiento: HDD<br \/>\n&#8211; Aplicaciones: Port\u00e1til<br \/>\n&#8211; Factor de forma: 3.5 &#8221;<br \/>\n&#8211; Marcas: Toshiba, Seagate, western digital<br \/>\n&#8211; Ubicaci\u00f3n del disco r\u00edgido: Interno<br \/>\n&#8211; Temperatura de funcionamiento: 0 \u00b0C &#8211; 60 \u00b0C<br \/>\n&#8211; Temperatura de almacenamiento: -40\u00b0C &#8211; 70\u00b0C<br \/>\n&#8211; Peso: 92g<br \/>\n&#8211; Dimensiones: Ancho 101.6 mm , Altura, 26.1 mm, Profundidad 147 mm<br \/>\n&#8211; Consumo energ\u00e9tico del disco r\u00edgido: 3.3W lectura y escritura,2.5W inactivo,0.4W espera y suspensi\u00f3n<\/p>\n","protected":false},"featured_media":3968,"template":"","meta":{"_uag_custom_page_level_css":"","_joinchat":[]},"product_cat":[94,99],"product_tag":[],"uagb_featured_image_src":{"full":["https:\/\/electroredescasanare.com\/wp-content\/uploads\/2023\/10\/D_NQ_NP_858762-MLA70416383587_072023-O.webp",500,334,false],"thumbnail":["https:\/\/electroredescasanare.com\/wp-content\/uploads\/2023\/10\/D_NQ_NP_858762-MLA70416383587_072023-O-150x150.webp",150,150,true],"medium":["https:\/\/electroredescasanare.com\/wp-content\/uploads\/2023\/10\/D_NQ_NP_858762-MLA70416383587_072023-O-300x200.webp",300,200,true],"medium_large":["https:\/\/electroredescasanare.com\/wp-content\/uploads\/2023\/10\/D_NQ_NP_858762-MLA70416383587_072023-O.webp",500,334,false],"large":["https:\/\/electroredescasanare.com\/wp-content\/uploads\/2023\/10\/D_NQ_NP_858762-MLA70416383587_072023-O.webp",500,334,false],"1536x1536":["https:\/\/electroredescasanare.com\/wp-content\/uploads\/2023\/10\/D_NQ_NP_858762-MLA70416383587_072023-O.webp",500,334,false],"2048x2048":["https:\/\/electroredescasanare.com\/wp-content\/uploads\/2023\/10\/D_NQ_NP_858762-MLA70416383587_072023-O.webp",500,334,false],"post-thumbnail":["https:\/\/electroredescasanare.com\/wp-content\/uploads\/2023\/10\/D_NQ_NP_858762-MLA70416383587_072023-O.webp",500,334,false],"vantage-thumbnail-no-sidebar":["https:\/\/electroredescasanare.com\/wp-content\/uploads\/2023\/10\/D_NQ_NP_858762-MLA70416383587_072023-O.webp",500,334,false],"vantage-slide":["https:\/\/electroredescasanare.com\/wp-content\/uploads\/2023\/10\/D_NQ_NP_858762-MLA70416383587_072023-O.webp",500,334,false],"vantage-carousel":["https:\/\/electroredescasanare.com\/wp-content\/uploads\/2023\/10\/D_NQ_NP_858762-MLA70416383587_072023-O.webp",272,182,false],"vantage-grid-loop":["https:\/\/electroredescasanare.com\/wp-content\/uploads\/2023\/10\/D_NQ_NP_858762-MLA70416383587_072023-O.webp",407,272,false],"mailpoet_newsletter_max":["https:\/\/electroredescasanare.com\/wp-content\/uploads\/2023\/10\/D_NQ_NP_858762-MLA70416383587_072023-O.webp",500,334,false],"woocommerce_thumbnail":["https:\/\/electroredescasanare.com\/wp-content\/uploads\/2023\/10\/D_NQ_NP_858762-MLA70416383587_072023-O-300x300.webp",300,300,true],"woocommerce_single":["https:\/\/electroredescasanare.com\/wp-content\/uploads\/2023\/10\/D_NQ_NP_858762-MLA70416383587_072023-O.webp",500,334,false],"woocommerce_gallery_thumbnail":["https:\/\/electroredescasanare.com\/wp-content\/uploads\/2023\/10\/D_NQ_NP_858762-MLA70416383587_072023-O-100x100.webp",100,100,true]},"uagb_author_info":{"display_name":"jhonacost@gmail.com","author_link":"https:\/\/electroredescasanare.com\/index.php\/author\/"},"uagb_comment_info":0,"uagb_excerpt":"CARACTERISTICAS: - Capacidad:120GB, 160GB, 320GB, 500GB, 1 TB - Interfaces: SATA III - Velocidad de rotaci\u00f3n: 5400 rpm - Tecnolog\u00eda de almacenamiento: HDD - Aplicaciones: Port\u00e1til - Factor de forma: 3.5 \" - Marcas: Toshiba, Seagate, western digital - Ubicaci\u00f3n del disco r\u00edgido: Interno - Temperatura de funcionamiento: 0 \u00b0C - 60 \u00b0C - Temperatura&hellip;","_links":{"self":[{"href":"https:\/\/electroredescasanare.com\/index.php\/wp-json\/wp\/v3\/product\/3967"}],"collection":[{"href":"https:\/\/electroredescasanare.com\/index.php\/wp-json\/wp\/v3\/product"}],"about":[{"href":"https:\/\/electroredescasanare.com\/index.php\/wp-json\/wp\/v2\/types\/product"}],"wp:featuredmedia":[{"embeddable":true,"href":"https:\/\/electroredescasanare.com\/index.php\/wp-json\/wp\/v2\/media\/3968"}],"wp:attachment":[{"href":"https:\/\/electroredescasanare.com\/index.php\/wp-json\/wp\/v2\/media?parent=3967"}],"wp:term":[{"taxonomy":"product_cat","embeddable":true,"href":"https:\/\/electroredescasanare.com\/index.php\/wp-json\/wp\/v2\/product_cat?post=3967"},{"taxonomy":"product_tag","embeddable":true,"href":"https:\/\/electroredescasanare.com\/index.php\/wp-json\/wp\/v2\/product_tag?post=3967"}],"curies":[{"name":"wp","href":"https:\/\/api.w.org\/{rel}","templated":true}]}}