{"id":3957,"date":"2023-10-27T11:12:41","date_gmt":"2023-10-27T16:12:41","guid":{"rendered":"https:\/\/electroredescasanare.com\/?post_type=product&#038;p=3957"},"modified":"2023-10-27T12:06:37","modified_gmt":"2023-10-27T17:06:37","slug":"disco-solido-m-2-nvme-1tb-kingston-2","status":"publish","type":"product","link":"https:\/\/electroredescasanare.com\/index.php\/product\/disco-solido-m-2-nvme-1tb-kingston-2\/","title":{"rendered":"DISCO SOLIDO M.2 NVme 1TB KINGSTON"},"content":{"rendered":"<p>Los discos de estado, ofrece enormes mejoras en la velocidad de respuesta, sin actualizaciones adicionales del hardware. Brinda lapsos de arranque, carga y de transferencia de archivos incre\u00edblemente m\u00e1s breves en comparaci\u00f3n con las unidades de disco duro mec\u00e1nico. Apoyada en su controlador de la m\u00e1s reciente generaci\u00f3n, que ofrece velocidades de lectura espectaculares, esta unidad SSD es 10 veces m\u00e1s r\u00e1pida que los discos duros tradicionales y provee un mejor rendimiento, velocidad de respuesta ultrarr\u00e1pida en el procesamiento multitareas y una aceleraci\u00f3n general del sistema<\/p>\n","protected":false},"excerpt":{"rendered":"<p>CARACTERISTICAS:<br \/>\n&#8211; Capacidad: 1TB<br \/>\n&#8211; Tecnolog\u00eda de almacenamiento: SSD<br \/>\n&#8211; Marca: Kingston<br \/>\n&#8211; Color: Negro<br \/>\n&#8211; Dimensiones<br \/>\n&#8211; Peso: 7 g<br \/>\n&#8211; Interfaces: Pcie 4.0 x4 nvme<br \/>\n&#8211; Aplicaciones: Desktop, Laptop<br \/>\n&#8211; Ubicaci\u00f3n del disco SSD: Interno<br \/>\n&#8211; Factor de forma del disco SSD: M.2 2280<\/p>\n","protected":false},"featured_media":3954,"template":"","meta":{"_uag_custom_page_level_css":"","_joinchat":[]},"product_cat":[94,97],"product_tag":[],"uagb_featured_image_src":{"full":["https:\/\/electroredescasanare.com\/wp-content\/uploads\/2023\/10\/22.png",1500,1500,false],"thumbnail":["https:\/\/electroredescasanare.com\/wp-content\/uploads\/2023\/10\/22-150x150.png",150,150,true],"medium":["https:\/\/electroredescasanare.com\/wp-content\/uploads\/2023\/10\/22-300x300.png",300,300,true],"medium_large":["https:\/\/electroredescasanare.com\/wp-content\/uploads\/2023\/10\/22-768x768.png",720,720,true],"large":["https:\/\/electroredescasanare.com\/wp-content\/uploads\/2023\/10\/22-1024x1024.png",720,720,true],"1536x1536":["https:\/\/electroredescasanare.com\/wp-content\/uploads\/2023\/10\/22.png",1500,1500,false],"2048x2048":["https:\/\/electroredescasanare.com\/wp-content\/uploads\/2023\/10\/22.png",1500,1500,false],"post-thumbnail":["https:\/\/electroredescasanare.com\/wp-content\/uploads\/2023\/10\/22.png",380,380,false],"vantage-thumbnail-no-sidebar":["https:\/\/electroredescasanare.com\/wp-content\/uploads\/2023\/10\/22.png",380,380,false],"vantage-slide":["https:\/\/electroredescasanare.com\/wp-content\/uploads\/2023\/10\/22.png",480,480,false],"vantage-carousel":["https:\/\/electroredescasanare.com\/wp-content\/uploads\/2023\/10\/22.png",182,182,false],"vantage-grid-loop":["https:\/\/electroredescasanare.com\/wp-content\/uploads\/2023\/10\/22.png",272,272,false],"mailpoet_newsletter_max":["https:\/\/electroredescasanare.com\/wp-content\/uploads\/2023\/10\/22-1320x1320.png",1320,1320,true],"woocommerce_thumbnail":["https:\/\/electroredescasanare.com\/wp-content\/uploads\/2023\/10\/22-300x300.png",300,300,true],"woocommerce_single":["https:\/\/electroredescasanare.com\/wp-content\/uploads\/2023\/10\/22-600x600.png",600,600,true],"woocommerce_gallery_thumbnail":["https:\/\/electroredescasanare.com\/wp-content\/uploads\/2023\/10\/22-100x100.png",100,100,true]},"uagb_author_info":{"display_name":"jhonacost@gmail.com","author_link":"https:\/\/electroredescasanare.com\/index.php\/author\/"},"uagb_comment_info":0,"uagb_excerpt":"CARACTERISTICAS: - Capacidad: 1TB - Tecnolog\u00eda de almacenamiento: SSD - Marca: Kingston - Color: Negro - Dimensiones - Peso: 7 g - Interfaces: Pcie 4.0 x4 nvme - Aplicaciones: Desktop, Laptop - Ubicaci\u00f3n del disco SSD: Interno - Factor de forma del disco SSD: M.2 2280","_links":{"self":[{"href":"https:\/\/electroredescasanare.com\/index.php\/wp-json\/wp\/v3\/product\/3957"}],"collection":[{"href":"https:\/\/electroredescasanare.com\/index.php\/wp-json\/wp\/v3\/product"}],"about":[{"href":"https:\/\/electroredescasanare.com\/index.php\/wp-json\/wp\/v2\/types\/product"}],"wp:featuredmedia":[{"embeddable":true,"href":"https:\/\/electroredescasanare.com\/index.php\/wp-json\/wp\/v2\/media\/3954"}],"wp:attachment":[{"href":"https:\/\/electroredescasanare.com\/index.php\/wp-json\/wp\/v2\/media?parent=3957"}],"wp:term":[{"taxonomy":"product_cat","embeddable":true,"href":"https:\/\/electroredescasanare.com\/index.php\/wp-json\/wp\/v2\/product_cat?post=3957"},{"taxonomy":"product_tag","embeddable":true,"href":"https:\/\/electroredescasanare.com\/index.php\/wp-json\/wp\/v2\/product_tag?post=3957"}],"curies":[{"name":"wp","href":"https:\/\/api.w.org\/{rel}","templated":true}]}}