{"id":3938,"date":"2023-10-27T09:13:40","date_gmt":"2023-10-27T14:13:40","guid":{"rendered":"https:\/\/electroredescasanare.com\/?post_type=product&#038;p=3938"},"modified":"2023-10-27T11:57:42","modified_gmt":"2023-10-27T16:57:42","slug":"disco-solido-480gb-adata","status":"publish","type":"product","link":"https:\/\/electroredescasanare.com\/index.php\/product\/disco-solido-480gb-adata\/","title":{"rendered":"DISCO SOLIDO 480GB ADATA"},"content":{"rendered":"<p>Los discos de estado s\u00f3lido, ofrece enormes mejoras en la velocidad de respuesta, sin actualizaciones adicionales del hardware. Brinda lapsos de arranque, carga y de transferencia de archivos incre\u00edblemente m\u00e1s breves en comparaci\u00f3n con las unidades de disco duro mec\u00e1nico. Apoyada en su controlador de la m\u00e1s reciente generaci\u00f3n, que ofrece velocidades de lectura y escritura de hasta 500 MB\/s y 450 MB\/s, respectivamente, esta unidad SSD es 10 veces m\u00e1s r\u00e1pida que los discos duros tradicionales y provee un mejor rendimiento, velocidad de respuesta ultrarr\u00e1pida en el procesamiento multitareas y una aceleraci\u00f3n general del sistema<\/p>\n","protected":false},"excerpt":{"rendered":"<p>CARACTERISTICAS:<\/p>\n<p>&#8211; Capacidad: 480 GB<br \/>\n&#8211; Tecnolog\u00eda de almacenamiento: SSD<br \/>\n&#8211; Color: Negro<br \/>\n&#8211; Marca: Adata<br \/>\n&#8211; Interfaces: SATA III<br \/>\n&#8211; Aplicaciones: Notebook, PC<br \/>\n&#8211; Ubicaci\u00f3n del disco SSD: Interno<br \/>\n&#8211; Factor de forma del disco SSD: 2.5 &#8221;<br \/>\n&#8211; Temperatura de funcionamiento: 0 \u00b0C &#8211; 70 \u00b0C<br \/>\n&#8211; Transferencia de datos: 550 MB\/s lectura, 490 MB\/s escritura<br \/>\n&#8211; Temperatura de almacenamiento: -45\u00b0C &#8211; 85\u00b0C<br \/>\n&#8211; Dimensiones: Ancho 69.9 mm, Altura 7 mm, Profundidad 100 mm<br \/>\n&#8211; Peso: 41 g<br \/>\n&#8211; Con tecnolog\u00eda 3D NAND<br \/>\n&#8211; Consumo energ\u00e9tico del disco: 0.195W inactivo, 0.279W promedio, 0.642W lectura, 1.535W escritura<\/p>\n","protected":false},"featured_media":3939,"template":"","meta":{"_uag_custom_page_level_css":"","_joinchat":[]},"product_cat":[94,97],"product_tag":[],"uagb_featured_image_src":{"full":["https:\/\/electroredescasanare.com\/wp-content\/uploads\/2023\/10\/D_NQ_NP_2X_848983-MCO42264563509_062020-F.webp",609,633,false],"thumbnail":["https:\/\/electroredescasanare.com\/wp-content\/uploads\/2023\/10\/D_NQ_NP_2X_848983-MCO42264563509_062020-F-150x150.webp",150,150,true],"medium":["https:\/\/electroredescasanare.com\/wp-content\/uploads\/2023\/10\/D_NQ_NP_2X_848983-MCO42264563509_062020-F-289x300.webp",289,300,true],"medium_large":["https:\/\/electroredescasanare.com\/wp-content\/uploads\/2023\/10\/D_NQ_NP_2X_848983-MCO42264563509_062020-F.webp",609,633,false],"large":["https:\/\/electroredescasanare.com\/wp-content\/uploads\/2023\/10\/D_NQ_NP_2X_848983-MCO42264563509_062020-F.webp",609,633,false],"1536x1536":["https:\/\/electroredescasanare.com\/wp-content\/uploads\/2023\/10\/D_NQ_NP_2X_848983-MCO42264563509_062020-F.webp",609,633,false],"2048x2048":["https:\/\/electroredescasanare.com\/wp-content\/uploads\/2023\/10\/D_NQ_NP_2X_848983-MCO42264563509_062020-F.webp",609,633,false],"post-thumbnail":["https:\/\/electroredescasanare.com\/wp-content\/uploads\/2023\/10\/D_NQ_NP_2X_848983-MCO42264563509_062020-F.webp",366,380,false],"vantage-thumbnail-no-sidebar":["https:\/\/electroredescasanare.com\/wp-content\/uploads\/2023\/10\/D_NQ_NP_2X_848983-MCO42264563509_062020-F.webp",366,380,false],"vantage-slide":["https:\/\/electroredescasanare.com\/wp-content\/uploads\/2023\/10\/D_NQ_NP_2X_848983-MCO42264563509_062020-F.webp",462,480,false],"vantage-carousel":["https:\/\/electroredescasanare.com\/wp-content\/uploads\/2023\/10\/D_NQ_NP_2X_848983-MCO42264563509_062020-F.webp",175,182,false],"vantage-grid-loop":["https:\/\/electroredescasanare.com\/wp-content\/uploads\/2023\/10\/D_NQ_NP_2X_848983-MCO42264563509_062020-F.webp",262,272,false],"mailpoet_newsletter_max":["https:\/\/electroredescasanare.com\/wp-content\/uploads\/2023\/10\/D_NQ_NP_2X_848983-MCO42264563509_062020-F.webp",609,633,false],"woocommerce_thumbnail":["https:\/\/electroredescasanare.com\/wp-content\/uploads\/2023\/10\/D_NQ_NP_2X_848983-MCO42264563509_062020-F-300x300.webp",300,300,true],"woocommerce_single":["https:\/\/electroredescasanare.com\/wp-content\/uploads\/2023\/10\/D_NQ_NP_2X_848983-MCO42264563509_062020-F-600x624.webp",600,624,true],"woocommerce_gallery_thumbnail":["https:\/\/electroredescasanare.com\/wp-content\/uploads\/2023\/10\/D_NQ_NP_2X_848983-MCO42264563509_062020-F-100x100.webp",100,100,true]},"uagb_author_info":{"display_name":"jhonacost@gmail.com","author_link":"https:\/\/electroredescasanare.com\/index.php\/author\/"},"uagb_comment_info":0,"uagb_excerpt":"CARACTERISTICAS: - Capacidad: 480 GB - Tecnolog\u00eda de almacenamiento: SSD - Color: Negro - Marca: Adata - Interfaces: SATA III - Aplicaciones: Notebook, PC - Ubicaci\u00f3n del disco SSD: Interno - Factor de forma del disco SSD: 2.5 \" - Temperatura de funcionamiento: 0 \u00b0C - 70 \u00b0C - Transferencia de datos: 550 MB\/s lectura,&hellip;","_links":{"self":[{"href":"https:\/\/electroredescasanare.com\/index.php\/wp-json\/wp\/v3\/product\/3938"}],"collection":[{"href":"https:\/\/electroredescasanare.com\/index.php\/wp-json\/wp\/v3\/product"}],"about":[{"href":"https:\/\/electroredescasanare.com\/index.php\/wp-json\/wp\/v2\/types\/product"}],"wp:featuredmedia":[{"embeddable":true,"href":"https:\/\/electroredescasanare.com\/index.php\/wp-json\/wp\/v2\/media\/3939"}],"wp:attachment":[{"href":"https:\/\/electroredescasanare.com\/index.php\/wp-json\/wp\/v2\/media?parent=3938"}],"wp:term":[{"taxonomy":"product_cat","embeddable":true,"href":"https:\/\/electroredescasanare.com\/index.php\/wp-json\/wp\/v2\/product_cat?post=3938"},{"taxonomy":"product_tag","embeddable":true,"href":"https:\/\/electroredescasanare.com\/index.php\/wp-json\/wp\/v2\/product_tag?post=3938"}],"curies":[{"name":"wp","href":"https:\/\/api.w.org\/{rel}","templated":true}]}}