{"id":3397,"date":"2023-07-18T16:50:00","date_gmt":"2023-07-18T21:50:00","guid":{"rendered":"https:\/\/electroredescasanare.com\/?post_type=product&#038;p=3397"},"modified":"2023-07-18T17:05:19","modified_gmt":"2023-07-18T22:05:19","slug":"combo-gamer-jyr-ref-ctmgjr-012","status":"publish","type":"product","link":"https:\/\/electroredescasanare.com\/index.php\/product\/combo-gamer-jyr-ref-ctmgjr-012\/","title":{"rendered":"COMBO GAMER JYR REF. CTMGJR-012"},"content":{"rendered":"<p>Combo Gamer multimedia 3 en 1: Teclado, Mouse y Diadema con dise\u00f1o exclusivo, cuenta con iluminaci\u00f3n LED, teclado mejorado con base met\u00e1lica m\u00e1s resistente y elegante, reposa mu\u00f1ecas para prevenir el s\u00edndrome de t\u00fanel carpiano, Con este kit de teclado y mouse llevar\u00e1s tus partidas a otro nivel. Destinado a un p\u00fablico gamer, potencia tu performance en distintos juegos.<\/p>\n","protected":false},"excerpt":{"rendered":"<p>CARACTERISTICAS:<br \/>\n&#8211; Color del teclado: Retroiluminado<br \/>\n&#8211; Color del mouse: Retroiluminado<br \/>\n&#8211; Sensor del mouse \u00d3ptico<br \/>\n&#8211; Resoluci\u00f3n del mouse: 2400 dpi<br \/>\n&#8211; Teclado Retrogradado flotantes<br \/>\n&#8211; Teclado con Placa Met\u00e1lica para mayor duraci\u00f3n.<br \/>\n&#8211; Tecla de juego con bloqueo de Windows<br \/>\n&#8211;\u00a0 Teclas con doble impresi\u00f3n l\u00e1ser<br \/>\n&#8211;\u00a0 Mouse con dpi hasta de 2400<br \/>\n&#8211;\u00a0 Mouse 6 botones<br \/>\n&#8211;\u00a0 Diadema Retroiluminada<br \/>\n&#8211;\u00a0 Diadema con Semi supresor de ruido<br \/>\n&#8211;\u00a0 Cable de Diadema Oxigenado<br \/>\n&#8211; longitud del cable del teclado: 1.2m<br \/>\n-longitud del cable del mouse : 1.2m<br \/>\n&#8211; Materiales resistentes y de primera calidad<\/p>\n","protected":false},"featured_media":3407,"template":"","meta":{"_uag_custom_page_level_css":"","_joinchat":[]},"product_cat":[41,40],"product_tag":[],"uagb_featured_image_src":{"full":["https:\/\/electroredescasanare.com\/wp-content\/uploads\/2023\/07\/WhatsApp-Image-2023-07-18-at-4.49.51-PM-1-1.jpeg",1000,1000,false],"thumbnail":["https:\/\/electroredescasanare.com\/wp-content\/uploads\/2023\/07\/WhatsApp-Image-2023-07-18-at-4.49.51-PM-1-1-150x150.jpeg",150,150,true],"medium":["https:\/\/electroredescasanare.com\/wp-content\/uploads\/2023\/07\/WhatsApp-Image-2023-07-18-at-4.49.51-PM-1-1-300x300.jpeg",300,300,true],"medium_large":["https:\/\/electroredescasanare.com\/wp-content\/uploads\/2023\/07\/WhatsApp-Image-2023-07-18-at-4.49.51-PM-1-1-768x768.jpeg",720,720,true],"large":["https:\/\/electroredescasanare.com\/wp-content\/uploads\/2023\/07\/WhatsApp-Image-2023-07-18-at-4.49.51-PM-1-1.jpeg",720,720,false],"1536x1536":["https:\/\/electroredescasanare.com\/wp-content\/uploads\/2023\/07\/WhatsApp-Image-2023-07-18-at-4.49.51-PM-1-1.jpeg",1000,1000,false],"2048x2048":["https:\/\/electroredescasanare.com\/wp-content\/uploads\/2023\/07\/WhatsApp-Image-2023-07-18-at-4.49.51-PM-1-1.jpeg",1000,1000,false],"post-thumbnail":["https:\/\/electroredescasanare.com\/wp-content\/uploads\/2023\/07\/WhatsApp-Image-2023-07-18-at-4.49.51-PM-1-1.jpeg",380,380,false],"vantage-thumbnail-no-sidebar":["https:\/\/electroredescasanare.com\/wp-content\/uploads\/2023\/07\/WhatsApp-Image-2023-07-18-at-4.49.51-PM-1-1.jpeg",380,380,false],"vantage-slide":["https:\/\/electroredescasanare.com\/wp-content\/uploads\/2023\/07\/WhatsApp-Image-2023-07-18-at-4.49.51-PM-1-1.jpeg",480,480,false],"vantage-carousel":["https:\/\/electroredescasanare.com\/wp-content\/uploads\/2023\/07\/WhatsApp-Image-2023-07-18-at-4.49.51-PM-1-1.jpeg",182,182,false],"vantage-grid-loop":["https:\/\/electroredescasanare.com\/wp-content\/uploads\/2023\/07\/WhatsApp-Image-2023-07-18-at-4.49.51-PM-1-1.jpeg",272,272,false],"mailpoet_newsletter_max":["https:\/\/electroredescasanare.com\/wp-content\/uploads\/2023\/07\/WhatsApp-Image-2023-07-18-at-4.49.51-PM-1-1.jpeg",1000,1000,false],"woocommerce_thumbnail":["https:\/\/electroredescasanare.com\/wp-content\/uploads\/2023\/07\/WhatsApp-Image-2023-07-18-at-4.49.51-PM-1-1-300x300.jpeg",300,300,true],"woocommerce_single":["https:\/\/electroredescasanare.com\/wp-content\/uploads\/2023\/07\/WhatsApp-Image-2023-07-18-at-4.49.51-PM-1-1-600x600.jpeg",600,600,true],"woocommerce_gallery_thumbnail":["https:\/\/electroredescasanare.com\/wp-content\/uploads\/2023\/07\/WhatsApp-Image-2023-07-18-at-4.49.51-PM-1-1-100x100.jpeg",100,100,true]},"uagb_author_info":{"display_name":"jhonacost@gmail.com","author_link":"https:\/\/electroredescasanare.com\/index.php\/author\/"},"uagb_comment_info":0,"uagb_excerpt":"CARACTERISTICAS: - Color del teclado: Retroiluminado - Color del mouse: Retroiluminado - Sensor del mouse \u00d3ptico - Resoluci\u00f3n del mouse: 2400 dpi - Teclado Retrogradado flotantes - Teclado con Placa Met\u00e1lica para mayor duraci\u00f3n. - Tecla de juego con bloqueo de Windows -\u00a0 Teclas con doble impresi\u00f3n l\u00e1ser -\u00a0 Mouse con dpi hasta de 2400&hellip;","_links":{"self":[{"href":"https:\/\/electroredescasanare.com\/index.php\/wp-json\/wp\/v3\/product\/3397"}],"collection":[{"href":"https:\/\/electroredescasanare.com\/index.php\/wp-json\/wp\/v3\/product"}],"about":[{"href":"https:\/\/electroredescasanare.com\/index.php\/wp-json\/wp\/v2\/types\/product"}],"wp:featuredmedia":[{"embeddable":true,"href":"https:\/\/electroredescasanare.com\/index.php\/wp-json\/wp\/v2\/media\/3407"}],"wp:attachment":[{"href":"https:\/\/electroredescasanare.com\/index.php\/wp-json\/wp\/v2\/media?parent=3397"}],"wp:term":[{"taxonomy":"product_cat","embeddable":true,"href":"https:\/\/electroredescasanare.com\/index.php\/wp-json\/wp\/v2\/product_cat?post=3397"},{"taxonomy":"product_tag","embeddable":true,"href":"https:\/\/electroredescasanare.com\/index.php\/wp-json\/wp\/v2\/product_tag?post=3397"}],"curies":[{"name":"wp","href":"https:\/\/api.w.org\/{rel}","templated":true}]}}