{"id":3389,"date":"2023-07-18T16:21:56","date_gmt":"2023-07-18T21:21:56","guid":{"rendered":"https:\/\/electroredescasanare.com\/?post_type=product&#038;p=3389"},"modified":"2023-07-18T16:42:16","modified_gmt":"2023-07-18T21:42:16","slug":"combo-gamer-jyr-ref-ctmgjr-013","status":"publish","type":"product","link":"https:\/\/electroredescasanare.com\/index.php\/product\/combo-gamer-jyr-ref-ctmgjr-013\/","title":{"rendered":"COMBO GAMER JYR REF. CTMGJR-013"},"content":{"rendered":"<p>Exclusivo Combo Gamer Multimedia 4 en 1 RGB edici\u00f3n especial League Of Legends: Teclado, Mouse, Mouse Pad PRO y Altavoces con dise\u00f1o exclusivo, mouse trabaja en diversas superficies excepto en vidrio, altavoces de m\u00e1xima calidad, f\u00e1cil instalaci\u00f3n perfectos para los Juegos, sistemas operativos compatibles: Windows, Linux, Mac OS y Android.<\/p>\n","protected":false},"excerpt":{"rendered":"<p>CARACTERISTICAS:<br \/>\n-Mouse ergon\u00f3mico RGB.<br \/>\n&#8211; Material del mouse: ABS.<br \/>\n&#8211; Conexi\u00f3n del mouse por cable USB.<br \/>\n&#8211; DPI mouse: 4800.<br \/>\n&#8211; N\u00famero de botones de mouse: 7.<br \/>\n&#8211; Tama\u00f1o del mouse: 12.5 cm (Largo) * 7 cm (Ancho) * 3.8 cm (Alto).<br \/>\n&#8211; Peso del mouse: 135g.<br \/>\n&#8211; Vida \u00fatil: 20,000,000 de clics.<br \/>\n&#8211; Mouse \u00d3ptico.<br \/>\n&#8211; Aceleraci\u00f3n m\u00e1xima: 20G.<br \/>\n&#8211; M\u00e1xima velocidad de seguimiento de 60 ips.<br \/>\n&#8211; Material del teclado: ABS.<br \/>\n&#8211; Conexi\u00f3n del teclado por cable USB.<br \/>\n&#8211; N\u00famero de teclas: 104, 11 teclas multimedia.<br \/>\n&#8211; Tama\u00f1o del teclado: 47. cm (Largo) * 18.1 cm (Ancho) * 3.9 cm (Alto).<br \/>\n&#8211; Peso del teclado: 890g.<br \/>\n&#8211; Tama\u00f1o del pad mouse: 78 cm (largo) * 30cm (ancho) * 0.5 cm (altura).<br \/>\n&#8211; Parlantes de 7 colores LED.<br \/>\n&#8211; Conector de 3.5mm para audio y USB (para alimentaci\u00f3n).<br \/>\n&#8211; Amplificador de alta potencia.<\/p>\n","protected":false},"featured_media":3396,"template":"","meta":{"_uag_custom_page_level_css":"","_joinchat":[]},"product_cat":[41,40],"product_tag":[],"uagb_featured_image_src":{"full":["https:\/\/electroredescasanare.com\/wp-content\/uploads\/2023\/07\/WhatsApp_Image_2023-07-18_at_4.22.21_PM-removebg-preview-1.png",800,800,false],"thumbnail":["https:\/\/electroredescasanare.com\/wp-content\/uploads\/2023\/07\/WhatsApp_Image_2023-07-18_at_4.22.21_PM-removebg-preview-1-150x150.png",150,150,true],"medium":["https:\/\/electroredescasanare.com\/wp-content\/uploads\/2023\/07\/WhatsApp_Image_2023-07-18_at_4.22.21_PM-removebg-preview-1-300x300.png",300,300,true],"medium_large":["https:\/\/electroredescasanare.com\/wp-content\/uploads\/2023\/07\/WhatsApp_Image_2023-07-18_at_4.22.21_PM-removebg-preview-1-768x768.png",720,720,true],"large":["https:\/\/electroredescasanare.com\/wp-content\/uploads\/2023\/07\/WhatsApp_Image_2023-07-18_at_4.22.21_PM-removebg-preview-1.png",720,720,false],"1536x1536":["https:\/\/electroredescasanare.com\/wp-content\/uploads\/2023\/07\/WhatsApp_Image_2023-07-18_at_4.22.21_PM-removebg-preview-1.png",800,800,false],"2048x2048":["https:\/\/electroredescasanare.com\/wp-content\/uploads\/2023\/07\/WhatsApp_Image_2023-07-18_at_4.22.21_PM-removebg-preview-1.png",800,800,false],"post-thumbnail":["https:\/\/electroredescasanare.com\/wp-content\/uploads\/2023\/07\/WhatsApp_Image_2023-07-18_at_4.22.21_PM-removebg-preview-1.png",380,380,false],"vantage-thumbnail-no-sidebar":["https:\/\/electroredescasanare.com\/wp-content\/uploads\/2023\/07\/WhatsApp_Image_2023-07-18_at_4.22.21_PM-removebg-preview-1.png",380,380,false],"vantage-slide":["https:\/\/electroredescasanare.com\/wp-content\/uploads\/2023\/07\/WhatsApp_Image_2023-07-18_at_4.22.21_PM-removebg-preview-1.png",480,480,false],"vantage-carousel":["https:\/\/electroredescasanare.com\/wp-content\/uploads\/2023\/07\/WhatsApp_Image_2023-07-18_at_4.22.21_PM-removebg-preview-1.png",182,182,false],"vantage-grid-loop":["https:\/\/electroredescasanare.com\/wp-content\/uploads\/2023\/07\/WhatsApp_Image_2023-07-18_at_4.22.21_PM-removebg-preview-1.png",272,272,false],"mailpoet_newsletter_max":["https:\/\/electroredescasanare.com\/wp-content\/uploads\/2023\/07\/WhatsApp_Image_2023-07-18_at_4.22.21_PM-removebg-preview-1.png",800,800,false],"woocommerce_thumbnail":["https:\/\/electroredescasanare.com\/wp-content\/uploads\/2023\/07\/WhatsApp_Image_2023-07-18_at_4.22.21_PM-removebg-preview-1-300x300.png",300,300,true],"woocommerce_single":["https:\/\/electroredescasanare.com\/wp-content\/uploads\/2023\/07\/WhatsApp_Image_2023-07-18_at_4.22.21_PM-removebg-preview-1-600x600.png",600,600,true],"woocommerce_gallery_thumbnail":["https:\/\/electroredescasanare.com\/wp-content\/uploads\/2023\/07\/WhatsApp_Image_2023-07-18_at_4.22.21_PM-removebg-preview-1-100x100.png",100,100,true]},"uagb_author_info":{"display_name":"jhonacost@gmail.com","author_link":"https:\/\/electroredescasanare.com\/index.php\/author\/"},"uagb_comment_info":0,"uagb_excerpt":"CARACTERISTICAS: -Mouse ergon\u00f3mico RGB. - Material del mouse: ABS. - Conexi\u00f3n del mouse por cable USB. - DPI mouse: 4800. - N\u00famero de botones de mouse: 7. - Tama\u00f1o del mouse: 12.5 cm (Largo) * 7 cm (Ancho) * 3.8 cm (Alto). - Peso del mouse: 135g. - Vida \u00fatil: 20,000,000 de clics. - Mouse&hellip;","_links":{"self":[{"href":"https:\/\/electroredescasanare.com\/index.php\/wp-json\/wp\/v3\/product\/3389"}],"collection":[{"href":"https:\/\/electroredescasanare.com\/index.php\/wp-json\/wp\/v3\/product"}],"about":[{"href":"https:\/\/electroredescasanare.com\/index.php\/wp-json\/wp\/v2\/types\/product"}],"wp:featuredmedia":[{"embeddable":true,"href":"https:\/\/electroredescasanare.com\/index.php\/wp-json\/wp\/v2\/media\/3396"}],"wp:attachment":[{"href":"https:\/\/electroredescasanare.com\/index.php\/wp-json\/wp\/v2\/media?parent=3389"}],"wp:term":[{"taxonomy":"product_cat","embeddable":true,"href":"https:\/\/electroredescasanare.com\/index.php\/wp-json\/wp\/v2\/product_cat?post=3389"},{"taxonomy":"product_tag","embeddable":true,"href":"https:\/\/electroredescasanare.com\/index.php\/wp-json\/wp\/v2\/product_tag?post=3389"}],"curies":[{"name":"wp","href":"https:\/\/api.w.org\/{rel}","templated":true}]}}