{"id":3259,"date":"2023-07-13T08:38:21","date_gmt":"2023-07-13T13:38:21","guid":{"rendered":"https:\/\/electroredescasanare.com\/?post_type=product&#038;p=3259"},"modified":"2023-07-17T10:14:40","modified_gmt":"2023-07-17T15:14:40","slug":"fuente-de-poder-mini-unitec-750w","status":"publish","type":"product","link":"https:\/\/electroredescasanare.com\/index.php\/product\/fuente-de-poder-mini-unitec-750w\/","title":{"rendered":"FUENTE DE PODER MINI UNITEC 750W"},"content":{"rendered":"<p>fuente de poder Unitec para torres de 750 Watts, con 24 Pines. Su ventilador completamente silencioso le proporciona un excelente ambiente de trabajo sobre temperaturas altas. Protegido siempre contra cortocircuitos y de sobrevoltaje hacen que esta micro fuente de poder sea de excelente desempe\u00f1o y un rendimiento incre\u00edble.<\/p>\n","protected":false},"excerpt":{"rendered":"<p>CARACTERISTICAS:<br \/>\n&#8211; Tipo de fuente de alimentaci\u00f3n para PC: ATX<br \/>\n&#8211; Tipo de refrigeraci\u00f3n por aire<br \/>\n&#8211; Contiene protecci\u00f3n de bajo voltaje<br \/>\n&#8211; 1 Cantidad de conectores HDD<br \/>\n&#8211; 2 Cantidad de conectores SATA<br \/>\n&#8211; Di\u00e1metro del ventilador: 8 cm<br \/>\n&#8211; Largo del cable de alimentaci\u00f3n: 1.5 m<br \/>\n&#8211; 4 pin +12V conector de energ\u00eda para Pentium 4.<br \/>\n&#8211; Cumple con los requerimientos vl 1950 CSA 22,2 nivel 3<br \/>\n&#8211; 100% de funcionamiento en condiciones extremas de hasta 50\u00b0C<\/p>\n","protected":false},"featured_media":3331,"template":"","meta":{"_uag_custom_page_level_css":"","_joinchat":[]},"product_cat":[35,33],"product_tag":[],"uagb_featured_image_src":{"full":["https:\/\/electroredescasanare.com\/wp-content\/uploads\/2023\/07\/1.jpg",602,602,false],"thumbnail":["https:\/\/electroredescasanare.com\/wp-content\/uploads\/2023\/07\/1-150x150.jpg",150,150,true],"medium":["https:\/\/electroredescasanare.com\/wp-content\/uploads\/2023\/07\/1-300x300.jpg",300,300,true],"medium_large":["https:\/\/electroredescasanare.com\/wp-content\/uploads\/2023\/07\/1.jpg",602,602,false],"large":["https:\/\/electroredescasanare.com\/wp-content\/uploads\/2023\/07\/1.jpg",602,602,false],"1536x1536":["https:\/\/electroredescasanare.com\/wp-content\/uploads\/2023\/07\/1.jpg",602,602,false],"2048x2048":["https:\/\/electroredescasanare.com\/wp-content\/uploads\/2023\/07\/1.jpg",602,602,false],"post-thumbnail":["https:\/\/electroredescasanare.com\/wp-content\/uploads\/2023\/07\/1.jpg",380,380,false],"vantage-thumbnail-no-sidebar":["https:\/\/electroredescasanare.com\/wp-content\/uploads\/2023\/07\/1.jpg",380,380,false],"vantage-slide":["https:\/\/electroredescasanare.com\/wp-content\/uploads\/2023\/07\/1.jpg",480,480,false],"vantage-carousel":["https:\/\/electroredescasanare.com\/wp-content\/uploads\/2023\/07\/1.jpg",182,182,false],"vantage-grid-loop":["https:\/\/electroredescasanare.com\/wp-content\/uploads\/2023\/07\/1.jpg",272,272,false],"mailpoet_newsletter_max":["https:\/\/electroredescasanare.com\/wp-content\/uploads\/2023\/07\/1.jpg",602,602,false],"woocommerce_thumbnail":["https:\/\/electroredescasanare.com\/wp-content\/uploads\/2023\/07\/1-300x300.jpg",300,300,true],"woocommerce_single":["https:\/\/electroredescasanare.com\/wp-content\/uploads\/2023\/07\/1-600x600.jpg",600,600,true],"woocommerce_gallery_thumbnail":["https:\/\/electroredescasanare.com\/wp-content\/uploads\/2023\/07\/1-100x100.jpg",100,100,true]},"uagb_author_info":{"display_name":"jhonacost@gmail.com","author_link":"https:\/\/electroredescasanare.com\/index.php\/author\/"},"uagb_comment_info":0,"uagb_excerpt":"CARACTERISTICAS: - Tipo de fuente de alimentaci\u00f3n para PC: ATX - Tipo de refrigeraci\u00f3n por aire - Contiene protecci\u00f3n de bajo voltaje - 1 Cantidad de conectores HDD - 2 Cantidad de conectores SATA - Di\u00e1metro del ventilador: 8 cm - Largo del cable de alimentaci\u00f3n: 1.5 m - 4 pin +12V conector de energ\u00eda&hellip;","_links":{"self":[{"href":"https:\/\/electroredescasanare.com\/index.php\/wp-json\/wp\/v3\/product\/3259"}],"collection":[{"href":"https:\/\/electroredescasanare.com\/index.php\/wp-json\/wp\/v3\/product"}],"about":[{"href":"https:\/\/electroredescasanare.com\/index.php\/wp-json\/wp\/v2\/types\/product"}],"wp:featuredmedia":[{"embeddable":true,"href":"https:\/\/electroredescasanare.com\/index.php\/wp-json\/wp\/v2\/media\/3331"}],"wp:attachment":[{"href":"https:\/\/electroredescasanare.com\/index.php\/wp-json\/wp\/v2\/media?parent=3259"}],"wp:term":[{"taxonomy":"product_cat","embeddable":true,"href":"https:\/\/electroredescasanare.com\/index.php\/wp-json\/wp\/v2\/product_cat?post=3259"},{"taxonomy":"product_tag","embeddable":true,"href":"https:\/\/electroredescasanare.com\/index.php\/wp-json\/wp\/v2\/product_tag?post=3259"}],"curies":[{"name":"wp","href":"https:\/\/api.w.org\/{rel}","templated":true}]}}